{"id":247,"date":"2018-08-23T11:43:34","date_gmt":"2018-08-23T09:43:34","guid":{"rendered":"https:\/\/diversis.cz\/?page_id=247"},"modified":"2018-09-14T09:31:59","modified_gmt":"2018-09-14T07:31:59","slug":"","status":"publish","type":"page","link":"https:\/\/diversis.cz\/en\/podporujeme\/","title":{"rendered":"","raw":""},"content":{"rendered":"","protected":false,"raw":""},"excerpt":{"rendered":"","protected":false,"raw":""},"author":1,"featured_media":261,"parent":0,"menu_order":8,"comment_status":"closed","ping_status":"closed","template":"","meta":{"_cs_post_content":"Aneta Pokorn\u00e1 je c\u00edlev\u011bdom\u00e1 mlad\u00e1 d\u00e1ma, kter\u00e1 m\u00e1 jasn\u00fd c\u00edl - b\u00fdt nejlep\u0161\u00ed na sv\u011bt\u011b v brazilsk\u00e9m Jiu-Jitsu. M\u00e1 ji\u017e na sv\u00e9m kont\u011b nep\u0159ebern\u00e9 mno\u017estv\u00ed \u00fasp\u011bch\u016f na dom\u00e1c\u00ed, evropsk\u00e9 i sv\u011btov\u00e9 p\u016fd\u011b. Jmenujme pouze nejaktu\u00e1ln\u011bj\u0161\u00ed a nejv\u00fdznamn\u011bj\u0161\u00ed \u00fasp\u011bchy:\r\n<ul>\r\n \t<li>9x mistryn\u011b Evropy<\/li>\r\n \t<li>Vicemistryn\u011b sv\u011bta - 2017, 2018<\/li>\r\n \t<li>2. m\u00edsto na mistrovstv\u00ed sv\u011bta Hand to Hand - 2017<\/li>\r\n<\/ul>\r\nAneta neust\u00e1le pracuje na svoj\u00ed form\u011b. Posledn\u00ed 2 roky tr\u00e9nuje d\u011bti a svoje cenn\u00e9 zku\u0161enosti p\u0159ed\u00e1v\u00e1 dal\u0161\u00edm generac\u00edm.\r\n\r\nDiversis Anetu finan\u010dn\u011b podporuje. D\u00edky tomu m\u00e1 tato \u010desk\u00e1 nad\u011bje mo\u017enost v\u011bnovat se tomu, co j\u00ed doopravdy bav\u00ed a rozv\u00edjet sv\u016fj talent. Na z\u00e1vody ji tak\u00e9 doprov\u00e1z\u00edme a ka\u017ed\u00fd jej\u00ed \u00fasp\u011bch oslavujeme!\r\n\r\nV\u00edce o Anet\u011b a jej\u00edch \u00fasp\u011b\u0161\u00edch se dozv\u00edte na jej\u00edm\u00a0<a href=\"https:\/\/www.facebook.com\/Aneta-Pokorn%C3%A1-BJJ-1083509701680939\/?fref=ts\" target=\"_blank\" rel=\"noopener\">Facebooku<\/a> nebo tomto <a href=\"https:\/\/www.sport.cz\/ostatni\/ostatni\/clanek\/934896-nova-sablikova-nenosi-brusle-presto-sni-o-olympiade.html\" target=\"_blank\" rel=\"noopener\">\u010dl\u00e1nku<\/a>.\r\n\r\n<h3>Aneta v TV<\/h3>\r\n<a href=\"https:\/\/www.ceskatelevize.cz\/porady\/1148499747-sama-doma\/418236100171007\/\" rel=\"noopener\" target=\"_blank\">\u010cesk\u00e1 televize - Sama doma<\/a>\r\n<a href=\"https:\/\/www.sport.cz\/ostatni\/ostatni\/clanek\/934896-nova-sablikova-nenosi-brusle-presto-sni-o-olympiade.html#hp-artcl\" rel=\"noopener\" target=\"_blank\">Sport.cz - Nov\u00e1 S\u00e1bl\u00edkov\u00e1. Nenos\u00ed bursle, p\u0159esto sn\u00ed o olympi\u00e1d\u011b<\/a>\r\n<a href=\"https:\/\/www.ceskatelevize.cz\/porady\/10805121298-gejzir\/218562235000011\/\" rel=\"noopener\" target=\"_blank\">\u010cesk\u00e1 televize - Gejz\u00edr<\/a>\r\n<a href=\"https:\/\/ocko.tv\/drive-216-3-aneta-pokorna-brazilske-jiu-jitsu-f27-\/drive.aspx?c=A180813_154451_ocko-drive_kks\" rel=\"noopener\" target=\"_blank\">\u00d3\u010dko - Drive #216.3<\/a>\r\n\r\n[gallery link=\"file\" columns=\"4\" ids=\"259,260,261,262\"]","_cs_post_name":"podporujeme","_cs_post_excerpt":"","_cs_post_title":"Podporujeme","_en_post_content":"","_en_post_name":"","_en_post_excerpt":"","_en_post_title":"","edit_language":"en","footnotes":""},"class_list":["post-247","page","type-page","status-publish","has-post-thumbnail","hentry"],"_links":{"self":[{"href":"https:\/\/diversis.cz\/en\/wp-json\/wp\/v2\/pages\/247","targetHints":{"allow":["GET"]}}],"collection":[{"href":"https:\/\/diversis.cz\/en\/wp-json\/wp\/v2\/pages"}],"about":[{"href":"https:\/\/diversis.cz\/en\/wp-json\/wp\/v2\/types\/page"}],"author":[{"embeddable":true,"href":"https:\/\/diversis.cz\/en\/wp-json\/wp\/v2\/users\/1"}],"replies":[{"embeddable":true,"href":"https:\/\/diversis.cz\/en\/wp-json\/wp\/v2\/comments?post=247"}],"version-history":[{"count":10,"href":"https:\/\/diversis.cz\/en\/wp-json\/wp\/v2\/pages\/247\/revisions"}],"predecessor-version":[{"id":468,"href":"https:\/\/diversis.cz\/en\/wp-json\/wp\/v2\/pages\/247\/revisions\/468"}],"wp:featuredmedia":[{"embeddable":true,"href":"https:\/\/diversis.cz\/en\/wp-json\/wp\/v2\/media\/261"}],"wp:attachment":[{"href":"https:\/\/diversis.cz\/en\/wp-json\/wp\/v2\/media?parent=247"}],"curies":[{"name":"wp","href":"https:\/\/api.w.org\/{rel}","templated":true}]}}

Aneta Pokorná je cílevědomá mladá dáma, která má jasný cíl - být nejlepší na světě v brazilském Jiu-Jitsu. Má již na svém kontě nepřeberné množství úspěchů na domácí, evropské i světové půdě. Jmenujme pouze nejaktuálnější a nejvýznamnější úspěchy:
<ul>
 	<li>9x mistryně Evropy</li>
 	<li>Vicemistryně světa - 2017, 2018</li>
 	<li>2. místo na mistrovství světa Hand to Hand - 2017</li>
</ul>
Aneta neustále pracuje na svojí formě. Poslední 2 roky trénuje děti a svoje cenné zkušenosti předává dalším generacím.

Diversis Anetu finančně podporuje. Díky tomu má tato česká naděje možnost věnovat se tomu, co jí doopravdy baví a rozvíjet svůj talent. Na závody ji také doprovázíme a každý její úspěch oslavujeme!

Více o Anetě a jejích úspěších se dozvíte na jejím <a href="https://www.facebook.com/Aneta-Pokorn%C3%A1-BJJ-1083509701680939/?fref=ts" target="_blank" rel="noopener">Facebooku</a> nebo tomto <a href="https://www.sport.cz/ostatni/ostatni/clanek/934896-nova-sablikova-nenosi-brusle-presto-sni-o-olympiade.html" target="_blank" rel="noopener">článku</a>.

<h3>Aneta v TV</h3>
<a href="https://www.ceskatelevize.cz/porady/1148499747-sama-doma/418236100171007/" rel="noopener" target="_blank">Česká televize - Sama doma</a>
<a href="https://www.sport.cz/ostatni/ostatni/clanek/934896-nova-sablikova-nenosi-brusle-presto-sni-o-olympiade.html#hp-artcl" rel="noopener" target="_blank">Sport.cz - Nová Sáblíková. Nenosí bursle, přesto sní o olympiádě</a>
<a href="https://www.ceskatelevize.cz/porady/10805121298-gejzir/218562235000011/" rel="noopener" target="_blank">Česká televize - Gejzír</a>
<a href="https://ocko.tv/drive-216-3-aneta-pokorna-brazilske-jiu-jitsu-f27-/drive.aspx?c=A180813_154451_ocko-drive_kks" rel="noopener" target="_blank">Óčko - Drive #216.3</a>

[gallery link="file" columns="4" ids="259,260,261,262"]
